6/120 + l**5/20 - 5*l**4/6 - 5*l**2 - 6. Let m(t) be the third derivative of o(t). Give m(6).
0
Let l(q) = -q**2 - q + 3. Let d(v) = -2*v**2 - 6*v + 1. Let k(n) = -d(n) + l(n). Give k(-7).
16
Suppose -13*w - 1960 = -5704. Let s be (2 - (-44)/(-8))*w/(-126). Let l(t) = t - 14. Calculate l(s).
-6
Let d = 10285 - 10259. Let l(k) = 10*k - 250. Calculate l(d).
10
Let k(u) be the third derivative of 0*u + 1 - 16*u**2 + 1/6*u**4 - 7/6*u**3. Give k(5).
13
Let w(q) = -q + 12. Suppose 0*p - 5*i - 5 = -5*p, 2*i - 8 = -3*p. Let h = p - 26. Let v be (8/h)/((-3)/90). What is w(v)?
2
Let v = 3928 + -3922. Let q(u) = -u**2 + 4*u - 12. Determine q(v).
-24
Let i(q) = -405*q - 9 + 389*q + 0 - 1 - 1. Determine i(-5).
69
Let p(j) = 2*j - 1075*j**2 + 784*j**2 + 290*j**2 + 2. Determine p(-1).
-1
Let z(u) = 2*u - 4. Suppose 3*g - 112 = -136. Let i(k) = 2*k**2 + 22*k + 46. Let j be i(g). Give z(j).
-8
Let r(f) be the second derivative of f**4/12 + 4*f**3/3 - f**2/2 - 28*f + 63. Suppose a - 4 = 0, 0 = 2*b + 5*a + 7 - 17. Determine r(b).
-16
Let w(v) = v**3 - v**2 + v + 4. Let z be ((-1)/3)/(1/6). Let i(p) = p**3 - 2*p**2 + p + 4. Let h(t) = z*i(t) + 3*w(t). Let j = 2018 - 2018. What is h(j)?
4
Let l(s) = -2*s**2 - s + 13. Let i(c) = -c**2 - 18*c - 81. Let k be i(-7). Give l(k).
-15
Let p(v) = 122*v**3 + 49*v**2 - 65*v - 131. Let t(o) = 171*o**3 + 74*o**2 - 97*o - 196. Let z(b) = 7*p(b) - 5*t(b). Give z(-28).
7
Let j(n) = -3 - n**2 + 4 + 2*n**2 + n**3 - 8*n + n + n. Give j(4).
57
Let y(x) be the first derivative of -4*x**2 + 29*x - 952. Determine y(9).
-43
Let a = -74 - -72. Let t(j) = j**3 + 2*j**2 - 3*j - 5. Let q be t(a). Let i(f) = f**2 + 0 + 7*f + q - f + 6. Calculate i(-5).
2
Let o(g) = 3*g - 19. Let i(d) = 2*d - 9. Let y(v) = -5*i(v) + 3*o(v). Let n = 209 - 179. Let f be 3/(n/(-40)) - 2. Determine y(f).
-6
Let z(h) = -2*h. Suppose 34 = 16*f - 78. Suppose -u = -f*u - 12. Give z(u).
4
Let i(s) be the first derivative of s**4/4 - 9*s**3 - 2*s - 8773. Calculate i(27).
-2
Let j(h) = -2*h - 33. Let y be (75/10 - 7)/(5/(-110)). Give j(y).
-11
Suppose 20*w = 23*w - 189. Suppose w = 2*p - 9*p. Let c(o) = o**2 + 8*o - 13. Let m be c(p). Let a(y) = y**3 + 4*y**2 - 2*y + 3. Give a(m).
11
Let m(b) = -5 - 21*b**2 + 4*b + 51*b**2 + b**3 - 2*b**3 - 23*b**2 + 2. What is m(5)?
67
Let s = -83 - -96. Let d(n) = 12*n + 13*n**3 + 10 - 2 - 12*n**3 - s*n. Let r = 2 - 2. Give d(r).
8
Let q = -23 + 15. Let m(n) = -n**2 - 20*n. Let k(s) = 6*s**2 + 133*s + 2. Let l(h) = k(h) + 7*m(h). What is l(q)?
-6
Suppose -4*g + o = -16, 2*o - 2 = 4*g - 14. Let k(x) be the third derivative of 0 + 0*x**4 - 14*x**2 + 1/12*x**g + 0*x - 1/2*x**3 + 1/120*x**6. Give k(-5).
-3
Let r be (-2)/5 + 192/30. Suppose 0 = -r*q + 122 - 134. Let w(g) = 4*g**2 - 3*g - 2. Give w(q).
20
Let d(x) = 49*x - 12. Let h(n) = 9600*n - 2350. Let m(s) = 1175*d(s) - 6*h(s). Let r = 2 + -3. Give m(r).
25
Let n(c) = 5*c**2 + 35*c - 31. Let j(i) = 7*i**2 + 49*i - 31. Let a(o) = -3*j(o) + 4*n(o). Determine a(-3).
-19
Let r(n) = -37*n + 269. Let m be r(5). Suppose 0 = -5*h - 2*h + m. Let d(t) = -t**2 + 15*t - 9. Give d(h).
27
Let h(l) = -l**3 + 5*l**2 - 5*l - 4. Let o(t) = -t**2 + 41*t - 74. Suppose -8 = 35*f - 78. Let y be o(f). Calculate h(y).
-8
Suppose 26*m + 3183 = 41143. Let o(c) = -m - c**2 + 11*c + 1460. Determine o(12).
-12
Let m(r) be the third derivative of -1/24*r**4 + 4*r**2 - 2 + 0*r + 6*r**3. What is m(0)?
36
Let o(a) = -a**3 + 6*a**2 - 3*a - 6. Let y = 5 - -1. Suppose 13 = 3*x + 2*j, 0 = -x + j + y - 0. Let w be o(x). Let n(r) = -r**2 + 5*r - 6. What is n(w)?
-2
Let m(f) be the first derivative of -f**5/20 + f**4/2 - f**3/6 - 2*f**2 - 33*f - 57. Let x(r) be the first derivative of m(r). Calculate x(6).
-10
Let v(z) = -2*z**2 - 13*z + 26. Let t be (423/94)/((-3)/(-2)). Determine v(t).
-31
Let b(v) = 18*v + 23. Let q(x) = -x**2 + 2*x + 1. Let r(c) = b(c) - 2*q(c). Let l be r(-2). Let n(j) = j**2 - 2*j + 1. Determine n(l).
0
Let y(g) = -g**3 + g - 3. Let i(a) = -a**3 + 2*a - 3. Let z(c) = -3*i(c) + 4*y(c). Suppose 18*f = 15*f - 5*k + 19, 3*k = -4*f + 7. Determine z(f).
9
Let b(p) = 4*p + 4. Let w = -85 + 90. Suppose -t + 64 = w*r, 2*t = r - 3*t + 8. Suppose s + 9 - r = 0. Determine b(s).
16
Let q = -61031 - -61031. Let d(v) = -4*v**2 - 2*v + v**3 + 4*v**2 + 3. Calculate d(q).
3
Let l = -9 - -8. Let t(i) = 8*i. Let w be t(l). Let q(c) be the third derivative of c**6/120 + 2*c**5/15 - c**4/24 - 5*c**3/3 + 2*c**2 - 16. What is q(w)?
-2
Suppose -3*r - 56 = 2*y, 0 = -r + 3*r + 5*y + 30. Let l = 25 + r. Let j(x) be the first derivative of x**3/3 - 2*x**2 - 2*x - 49. Give j(l).
3
Let z(i) be the third derivative of -1/24*i**4 + 0*i + 0 + 0*i**3 + 3*i**2. Let n be 3 + ((-2)/6)/(5 + (-44)/9). Give z(n).
0
Let r(y) be the second derivative of -y**6/360 + y**5/12 - 5*y**4/24 - y**3/6 - 17*y**2/2 + 54*y. Let x(i) be the second derivative of r(i). Calculate x(6).
19
Let a = -3 + 6. Let k(i) = -6*i**2 - i**3 + 7 + 2*i**3 + 0*i**a. Let m(b) = 40*b + 1806. Let v be m(-45). Calculate k(v).
7
Let l(y) = -8*y**3 - 6*y**2 + 14*y - 4. Let v be ((-4)/((-40)/(-35)))/1*-2. Let b(o) = 7*o**3 + 6*o**2 - 12*o + 3. Let a(k) = v*b(k) + 6*l(k). What is a(-6)?
-3
Let h be (-10 + 9)*-4 + 22 + -1. Let g(v) = -5*v + 19*v**2 - 43*v**2 + 3 + h*v**2. What is g(5)?
3
Let p(c) be the first derivative of -c**3/3 + 3*c**2/2 + 7*c - 690. Calculate p(-6).
-47
Suppose -10*t + 81 = 51. Let h be t - 2/(-1) - (-13 - -18). Let n(d) = -d**2 - 11. Determine n(h).
-11
Let f(w) be the third derivative of 1/24*w**4 + 85*w**2 + 0*w + 1/6*w**3 + 0 - 1/60*w**5. Let k = 0 - 0. What is f(k)?
1
Let o(j) be the first derivative of j**4/4 + 2*j**3 + 6*j - 26784. Let n be (-38)/6 + (-2)/(-6). Determine o(n).
6
Let w(u) be the first derivative of u**4/2 + 136*u**3/3 + u**2 + 136*u - 13625. Calculate w(-68).
0
Let l(y) = y**2 + 5*y + 31. Let v = -10964 - -10957. Determine l(v).
45
Let k = -76 + 75. Let x = -2 - k. Let c(i) be the first derivative of 11*i**4/4 + i**3/3 - i + 6. Give c(x).
-11
Suppose -28*t = -74*t + 32*t + 56. Let c(v) = 2*v**2 + 8*v - 62. Determine c(t).
2
Let r(d) = -4*d**3 - 51*d**2 + 8*d + 7. Let n(i) = -9*i**3 - 111*i**2 + 17*i + 15. Let c(a) = 5*n(a) - 11*r(a). Calculate c(7).
-72
Suppose -14 = -7*s + 14. Suppose -13*h + 756 = -s*h. Let z = -90 + h. Let b(l) = l**3 + 4*l**2 - 8*l. Calculate b(z).
-24
Let y(a) = -a - 1. Suppose 47 + 25 = 6*j. Let o = -13 + j. Let t be 7*o*(3 + -2). What is y(t)?
6
Let q(u) be the third derivative of 1/30*u**5 - 1/6*u**3 - 2*u**2 + 0*u - 1/60*u**6 + 0 + 1/12*u**4. Let b = -13146 + 13148. Give q(b).
-5
Let q(f) = f**2 + 5*f - 6. Let s = 37 + -33. Suppose -j - 4*i - 54 = 0, 2*j - 256 = 6*j - s*i. Let t = 56 + j. Calculate q(t).
0
Let s(v) = -v**2 - 9*v - 13. Let m(k) = 2*k**3 + 7*k**2 + 9*k. Let f be m(-2). Let b(o) = 24*o + 138. Let w be b(f). Determine s(w).
5
Let u be (-6)/(1 - 2)*(-2)/(-4). Suppose -u*m + i + 21 = 0, -3*m + 8*i + 21 = 4*i. Suppose 7*k = m - 0. Let a(n) = 2*n + 1. What is a(k)?
3
Suppose -2 = -15*v + 28. Let j(f) = -151 + 2*f - 3*f - 154 + 9*f**3 + v*f**2 + 304. Determine j(-1).
-7
Suppose 0 = -3*b - 16 + 1. Let d(z) be the second derivative of -z**5/20 - 5*z**4/12 - z**3/2 - 5*z**2/2 - 12990*z. What is d(b)?
10
Let g(v) = -15*v - 285. Let m(h) = -h - 22. Let z(q) = 2*g(q) - 27*m(q). Let x(k) = 8*k - 71. Let f(o) = -4*x(o) - 11*z(o). Calculate f(-10).
10
Let j(i) = -2*i**2 - i**3 - i**2 + 4*i - 2 + 6. Let m = 471695 - 471699. Calculate j(m).
4
Let o(g) = -g - 2. Suppose 14 = 5*v - 6. Suppose -v*l = 16 - 32. Suppose -18*k + 16*k + l = 0. Calculate o(k).
-4
Let l(w) = 472*w - 1 - 950*w + 482*w. What is l(-2)?
-9
Suppose -11*r - 5 = -6*r. Let a(v) be the second derivative of -v**5/30 + v**4/24 - v**3/6 - 5*v. Let t(u) be the second derivative of a(u). Give t(r).
5
Suppose 11*p - 15*p - 4*r - 24 = 0, 5*p - 3*r - 10 = 0. Let f(u) be the first derivative of u**3/3 - 2*u - 255. What is f(p)?
-1
Let j(y) be the second derivative of -85*y + 0 - 1/3*y**3 - 5/2*y**2. What is j(-9)?
13
Let u(f) = f**2 - 29*f - 132. Let q be u(35). Let p = 70 - q. Let x(k) = 0 + 2 - 6 - k - 3. Give x(p).
1
Let a(n) = 10*n**3 - 2*n**2 - n. Suppose -9*m - 10 = -14*m. Let w be (m + (-6)/2)/(1/19). Let d = w + 18. Determine a(d).
-11
Suppose -13